 100. Let j = 4 - -3. What is the remainder when p is divided by j?
4
Let i = 92 + -45. What is the remainder when i is divided by 16?
15
Suppose -3*s = -10 - 23. Calculate the remainder when s is divided by 4.
3
Let f = 4 - 2. Suppose -h = f*h - 39. Suppose -114 = -6*c + 36. Calculate the remainder when c is divided by h.
12
Suppose 2*n = -3*n + 415. Let g = n + -49. What is the remainder when 135 is divided by g?
33
Suppose -5*u + 38 = -52. Let r be u/(-14) + 6/21. What is the remainder when (-2)/r - 63/(-3) is divided by 12?
11
Suppose 2*u + 4*o - 6 = 0, -3*u + o + 43 = 6. Suppose r + r - 12 = 0. Let a(p) = p - 2. What is the remainder when u is divided by a(r)?
3
Let r = 118 + -105. What is the remainder when 42 is divided by r?
3
Let b = -1 - -6. Suppose b*k - 20 = 0, k + 40 = 2*g - 20. What is the remainder when g is divided by 17?
15
Let k(r) = -r + 6. Let j be k(7). Let m be -2 - -2 - (j + -31). Suppose 4*d = -m + 168. Calculate the remainder when d is divided by 12.
10
Let p = 218 + 107. Suppose p = -m + 6*m. Calculate the remainder when m is divided by 33.
32
Suppose -k = 4*k + 65. Let z = 18 + k. What is the remainder when 12 is divided by z?
2
Let j(r) = 3*r**2 - 2*r + 2. Let t be j(2). Suppose 5*n = 5*b - t, -b + 3 - 1 = 2*n. Calculate the remainder when 4 is divided by b.
0
Suppose 0 + 8 = -4*t. Calculate the remainder when 19 is divided by (5 - 15)*t/4.
4
Let x = -5 - -22. Suppose -5*y + 5*a = -325, -3*y - 2*a = -4*a - 195. What is the remainder when y is divided by x?
14
Let x = -14 - -20. What is the remainder when 14 is divided by x?
2
Suppose 0 = 3*u - 62 - 40. Let v = -18 + u. Calculate the remainder when (1 - -93)*1/2 is divided by v.
15
Let c = -76 - -153. Calculate the remainder when c is divided by 20.
17
Let k be -4*(1 + (-9)/6). Suppose 4*b = 3*i + 11, -k*b + 8 = i - b. Suppose -80 = -4*c + i*z + 2*z, 12 = -3*z. What is the remainder when 29 is divided by c?
14
Let o be 1 + (-1)/(-1)*2. Suppose 48 - 3 = o*n. Let k = 123 + -80. Calculate the remainder when k is divided by n.
13
Let v = 59 - 52. Let r = 75 + -49. Calculate the remainder when r is divided by v.
5
Let z(g) = g**2 - 7*g + 7. Suppose a - 24 = -3*x, -a + 26 + 12 = 5*x. Calculate the remainder when 12 is divided by z(x).
5
Suppose -2*u + 20 = 2*a, a + u = 3*u + 10. Calculate the remainder when (-6)/((-8)/(-156)*3)*-1 is divided by a.
9
Let r(x) = -x**2 + 17. Calculate the remainder when 1 - 23/((21/6)/(-7)) is divided by r(0).
13
Suppose 0 = 2*h + 10*w - 5*w - 2, -2*h + w + 26 = 0. Calculate the remainder when 43 is divided by h.
10
Suppose -2*m + 2*n + 148 = -0*n, -4*m = -3*n - 301. Calculate the remainder when m is divided by 9.
7
Let f(m) = -m. Let j(i) = 3*i. Let w(q) = q**3 + 3*q**2 + q + 4. Let c be w(-3). Let z(k) = c*j(k) - 2*f(k). Calculate the remainder when z(4) is divided by 11.
9
Let l(q) = 8 - 2*q - 12 + 9*q**2 + 3. Suppose 0 = 4*n - p + 3*p, 0 = -5*n - 2*p - 1. Calculate the remainder when 18 is divided by l(n).
8
Suppose 0 = -4*r - r + 185. Calculate the remainder when r is divided by 4.
1
Suppose o - 5*d = 26, -5*o = -3*d + 2 - 44. Let f(w) = w**3 - 4*w**2 - 2*w + 2. Let g be f(3). Let m = g - -29. Calculate the remainder when m is divided by o.
4
Let c = 67 + -46. Suppose -6 = -f - p, -2*p = 4*f - 8 - 16. Calculate the remainder when c is divided by f.
3
Suppose 0*q - 4*q + 28 = 0. Suppose q*s = 3*s. Let o(f) = -f**2 + f + 14. Calculate the remainder when o(s) is divided by 8.
6
Let o(s) = s**2 - s - 16. Let u = 16 - 11. Calculate the remainder when o(-5) is divided by u.
4
Let q = 117 - 48. What is the remainder when q is divided by 18?
15
Let h(w) = w**3 - 4*w**2 + 2*w + 1. Let y be h(3). What is the remainder when 228/5 + y/(-5) is divided by 12?
10
What is the remainder when 12 is divided by (-5 + 4/2 - 0) + 7?
0
Let p be (12/(-10))/(6/(-20)). Suppose 0 = p*j + 15 - 39. Calculate the remainder when 10 is divided by j.
4
Let m be (1*5)/(4/4). Let r = 12 - m. Suppose -116 + 40 = -4*g. Calculate the remainder when g is divided by r.
5
Suppose 4*d = d + 21. What is the remainder when d is divided by 5?
2
Suppose 2*t = -2*a + a + 49, -a + 73 = 3*t. What is the remainder when 93 is divided by t?
21
Let s be -2 - 6*(-2)/4. Let v(k) = 7*k + 2. Suppose 4*n - 7 = 3*x - 2, 0 = -4*x + 20. What is the remainder when v(s) is divided by n?
4
Suppose 0 = 2*j - 3*j - 2*h + 27, 4*j = h + 126. Let q = j + -6. What is the remainder when q is divided by 13?
12
Let w = -414 + 423. Let v = 2 - -13. What is the remainder when v is divided by w?
6
Calculate the remainder when 222 is divided by (30/4)/((-4)/(-24)).
42
Suppose 53 = l - 14. What is the remainder when l is divided by 14?
11
Let k be (2/4)/1*0. Suppose -4*i + k*j = 3*j + 4, j = -4. Let c(y) = y + 10. Calculate the remainder when i is divided by c(-9).
0
Calculate the remainder when ((5 + 5)/1)/((-6)/(-15)) is divided by 4.
1
Let i(a) = 121*a**3 - 3*a - 5. Let q(h) = -h - 1. Let j(o) = i(o) - 4*q(o). Let v be j(1). Let l = -84 + v. Calculate the remainder when l is divided by 19.
18
Suppose 0*b - 17 = -2*r - b, -5*r - b + 35 = 0. Let s = 8 - 5. What is the remainder when 31 is divided by ((-2)/r)/(s/(-99))?
9
Suppose -4*n + 3*a = 175, a + 35 = -2*n + n. Let m be 8/n - (-122)/10. Let q(t) = t**3 - 13*t**2 + 15*t - 4. What is the remainder when q(m) is divided by 17?
15
Suppose l - 4*l + 132 = 0. What is the remainder when l is divided by 23?
21
Let m(w) = -w**3 + 6*w**2 + 5*w - 4. Suppose f + 4*o = 6*o - 2, f + 3*o + 7 = 0. What is the remainder when m(6) is divided by (7 + -1)*(-6)/f?
8
Let t(b) = b**3 + 4*b**2 - 6*b + 2. Let p(l) = l**2 + l. What is the remainder when t(-5) is divided by p(1)?
1
Let z(n) = 2*n + 5. Calculate the remainder when z(0) is divided by 3.
2
Let a(b) = -3*b + 19. Let t(m) = 2*m - 9. Let d(w) = 3*a(w) + 7*t(w). Let r be 0 + (-2 + 2 - -7). What is the remainder when d(r) is divided by 10?
9
Suppose -d + 632 = 3*d. Suppose 27 = 5*c - d. What is the remainder when c is divided by 13?
11
Suppose 0 = -5*x - 2*a + 231 + 39, 0 = 2*x + 5*a - 108. Calculate the remainder when x is divided by 15.
9
Let v(s) = -4*s**2 - s - 4. Let m(a) = 5*a**2 + a + 3. Suppose -4*g + g = 9. Let k(x) = g*m(x) - 4*v(x). Calculate the remainder when 18 is divided by k(0).
4
Let n(r) = -8*r - 14. What is the remainder when n(-4) is divided by 7?
4
Suppose -3*d = -d + 3*p - 63, -4 = -4*p. Calculate the remainder when d is divided by (22/(-8))/(7/(-28)).
8
Suppose -h + 5 = 4*h. Calculate the remainder when h is divided by 11/9 - 4/18.
0
Let y = 41 + 1. What is the remainder when 81 is divided by y?
39
Let g = 21 + -11. Suppose 122 = 2*i + g. Suppose n = 5*n - i. Calculate the remainder when 26 is divided by n.
12
Let t(l) = -26*l - 43. Suppose -4*o = 2*y - 80, 6*y = 2*o + 3*y - 32. What is the remainder when t(-3) is divided by o?
16
Suppose 0 = 9*s - 4*s - 35. Let u(q) = -2*q + 10. Let a be u(0). Let n = a + 9. What is the remainder when n is divided by s?
5
Suppose -9 = i - 0*i. What is the remainder when 19 is divided by (-22)/(-4) - i/6?
5
Let y = 7 - 4. Suppose 53 = 2*f - y*z, -f = -5*f + 3*z + 109. Let u(k) = k**2 - 2*k + 2. Calculate the remainder when f is divided by u(4).
8
Suppose 72 = 5*x - 4*v, 2*x - v = -0*x + 27. Calculate the remainder when 47 is divided by x.
11
Suppose s - 5*s - 5*k = -251, 4*s = 4*k + 224. Let t(n) = 6 + n**2 - n + 9 + 0*n. Calculate the remainder when s is divided by t(0).
14
Suppose -4*x = 16 - 72. Let t(z) = -z. Let p(u) = u**3 + 5*u**2 + 2. Let w(b) = p(b) - 4*t(b). Calculate the remainder when x is divided by w(-3).
6
Suppose 0 = 3*d - 15 + 6. Suppose -m = -3*t + 17, -3*t = 2*t + d*m - 19. What is the remainder when t is divided by 2?
1
Suppose -h + 5*h = -v + 6, 3*v - 3*h - 33 = 0. Let c = -5 + v. Calculate the remainder when 8 is divided by c.
3
Suppose 10*i + 100 = 5*i. Let t = 6 - i. What is the remainder when t is divided by 9?
8
Let k(b) = 60*b + b**2 + b**3 + 5 - 63*b - 2. Let g be ((-8)/10)/((-2)/5). What is the remainder when k(g) is divided by 5?
4
Suppose -g + t + 147 = g, 3*g = 3*t + 213. Calculate the remainder when (-18)/(-9) - g*-1 is divided by 27.
24
Let j(s) = s**3 - 6*s**2 + 2*s - 4. Let l be j(6). Calculate the remainder when (l/(-6))/(3/(-9)) 